{"id":826,"date":"2022-08-10T11:33:14","date_gmt":"2022-08-10T09:33:14","guid":{"rendered":"http:\/\/kultur-in-lippetal.de\/?post_type=tribe_events&#038;p=826"},"modified":"2023-04-15T09:47:07","modified_gmt":"2023-04-15T07:47:07","slug":"storno","status":"publish","type":"tribe_events","link":"https:\/\/kultur-in-lippetal.de\/?tribe_events=storno","title":{"rendered":"STORNO"},"content":{"rendered":"<p><a href=\"http:\/\/kultur-in-lippetal.de\/wp-content\/uploads\/2022\/08\/STORNO_Sonderinventur1-scaled.jpeg\"><img decoding=\"async\" loading=\"lazy\" class=\"alignleft wp-image-832 size-thumbnail\" src=\"http:\/\/kultur-in-lippetal.de\/wp-content\/uploads\/2022\/08\/STORNO_Sonderinventur1-150x150.jpeg\" alt=\"\" width=\"150\" height=\"150\" \/><\/a><\/p>\n<p>&#8220;Lachen ist das beste Mittel zur St\u00e4rkung des Immunsystems und fast so wertvoll wie Sonnenblumen\u00f6l und Diesel.\u201c Mit dieser Devise kommt Storno, das Kabarett-Projekt von Harald Funke, Thomas Philipzen und Jochen R\u00fcther, zur &#8220;Sonderinventur&#8221; ins B\u00fcrgerhaus Herzfeld. Die Drei entwickeln ihre Sonderinventur permanent und tagesaktuell weiter. &#8220;Schlie\u00dflich haben die Krisen Inflation \u2013 Zeit, sie zu stornieren und den Storno-Antik\u00f6rpern bei ihrem Wirken als Humor-Leuchtfeuer in der Depression beizuwohnen.\u201c so das Trio.<br \/>\nDie Kritiker sind sich einig: Stornos Konzentrat aus kluger Analyse, originellem Zusammenspiel und Live-Musik auf beeindruckendem Niveau verleiht dem Trio eine Sonderstellung auf deutschen B\u00fchnen.<br \/>\n<a href=\"http:\/\/www.storno.org\">www.storno.org<\/a><\/p>\n<p>&nbsp;<\/p>\n<p>&nbsp;<\/p>\n<p>&nbsp;<\/p>\n","protected":false},"excerpt":{"rendered":"<p>&#8220;Lachen ist das beste Mittel zur St\u00e4rkung des Immunsystems und fast so wertvoll wie Sonnenblumen\u00f6l und Diesel.\u201c Mit dieser Devise kommt Storno, das Kabarett-Projekt von Harald Funke, Thomas Philipzen und &hellip; <a href=\"https:\/\/kultur-in-lippetal.de\/?tribe_events=storno\" class=\"more-link\"><span class=\"screen-reader-text\">\u201eSTORNO\u201c<\/span> weiterlesen<\/a><\/p>\n","protected":false},"author":2,"featured_media":0,"comment_status":"closed","ping_status":"closed","template":"","meta":{"_tribe_events_status":"","_tribe_events_status_reason":""},"tags":[],"tribe_events_cat":[],"_links":{"self":[{"href":"https:\/\/kultur-in-lippetal.de\/index.php?rest_route=\/wp\/v2\/tribe_events\/826"}],"collection":[{"href":"https:\/\/kultur-in-lippetal.de\/index.php?rest_route=\/wp\/v2\/tribe_events"}],"about":[{"href":"https:\/\/kultur-in-lippetal.de\/index.php?rest_route=\/wp\/v2\/types\/tribe_events"}],"author":[{"embeddable":true,"href":"https:\/\/kultur-in-lippetal.de\/index.php?rest_route=\/wp\/v2\/users\/2"}],"replies":[{"embeddable":true,"href":"https:\/\/kultur-in-lippetal.de\/index.php?rest_route=%2Fwp%2Fv2%2Fcomments&post=826"}],"version-history":[{"count":15,"href":"https:\/\/kultur-in-lippetal.de\/index.php?rest_route=\/wp\/v2\/tribe_events\/826\/revisions"}],"predecessor-version":[{"id":829,"href":"https:\/\/kultur-in-lippetal.de\/index.php?rest_route=\/wp\/v2\/tribe_events\/826\/revisions\/829"}],"wp:attachment":[{"href":"https:\/\/kultur-in-lippetal.de\/index.php?rest_route=%2Fwp%2Fv2%2Fmedia&parent=826"}],"wp:term":[{"taxonomy":"post_tag","embeddable":true,"href":"https:\/\/kultur-in-lippetal.de\/index.php?rest_route=%2Fwp%2Fv2%2Ftags&post=826"},{"taxonomy":"tribe_events_cat","embeddable":true,"href":"https:\/\/kultur-in-lippetal.de\/index.php?rest_route=%2Fwp%2Fv2%2Ftribe_events_cat&post=826"}],"curies":[{"name":"wp","href":"https:\/\/api.w.org\/{rel}","templated":true}]}}

<p><a href="http://kultur-in-lippetal.de/wp-content/uploads/2022/08/STORNO_Sonderinventur1-scaled.jpeg"><img decoding="async" loading="lazy" class="alignleft wp-image-832 size-thumbnail" src="http://kultur-in-lippetal.de/wp-content/uploads/2022/08/STORNO_Sonderinventur1-150x150.jpeg" alt="" width="150" height="150" /></a></p>
<p>&#8220;Lachen ist das beste Mittel zur Stärkung des Immunsystems und fast so wertvoll wie Sonnenblumenöl und Diesel.“ Mit dieser Devise kommt Storno, das Kabarett-Projekt von Harald Funke, Thomas Philipzen und Jochen Rüther, zur &#8220;Sonderinventur&#8221; ins Bürgerhaus Herzfeld. Die Drei entwickeln ihre Sonderinventur permanent und tagesaktuell weiter. &#8220;Schließlich haben die Krisen Inflation – Zeit, sie zu stornieren und den Storno-Antikörpern bei ihrem Wirken als Humor-Leuchtfeuer in der Depression beizuwohnen.“ so das Trio.<br />
Die Kritiker sind sich einig: Stornos Konzentrat aus kluger Analyse, originellem Zusammenspiel und Live-Musik auf beeindruckendem Niveau verleiht dem Trio eine Sonderstellung auf deutschen Bühnen.<br />
<a href="http://www.storno.org">www.storno.org</a></p>
<p>&nbsp;</p>
<p>&nbsp;</p>
<p>&nbsp;</p>

<p>&#8220;Lachen ist das beste Mittel zur Stärkung des Immunsystems und fast so wertvoll wie Sonnenblumenöl und Diesel.“ Mit dieser Devise kommt Storno, das Kabarett-Projekt von Harald Funke, Thomas Philipzen und &hellip; <a href="https://kultur-in-lippetal.de/?tribe_events=storno" class="more-link"><span class="screen-reader-text">„STORNO“</span> weiterlesen</a></p>
