{"id":684,"date":"2021-03-04T21:37:48","date_gmt":"2021-03-04T20:37:48","guid":{"rendered":"http:\/\/kultur-in-lippetal.de\/?post_type=tribe_events&#038;p=684"},"modified":"2021-06-07T16:44:12","modified_gmt":"2021-06-07T14:44:12","slug":"onkel-fisch-wahrheit-die-nackte-und-ungeschminkte","status":"publish","type":"tribe_events","link":"https:\/\/kultur-in-lippetal.de\/?tribe_events=onkel-fisch-wahrheit-die-nackte-und-ungeschminkte","title":{"rendered":"ONKeL fiSCH &#8220;Wahrheit &#8211; die nackte und ungeschminkte&#8221;"},"content":{"rendered":"<p><a href=\"http:\/\/kultur-in-lippetal.de\/wp-content\/uploads\/2021\/03\/onkelfisch.jpg\"><img decoding=\"async\" loading=\"lazy\" class=\"alignleft size-full wp-image-712\" src=\"http:\/\/kultur-in-lippetal.de\/wp-content\/uploads\/2021\/03\/onkelfisch.jpg\" alt=\"\" width=\"128\" height=\"100\" \/><\/a>Mit ihrem Programm \u201ePopulisten haften f\u00fcr ihre Kinder\u201c beendete das Duo Adrian Engels und Markus Riedinger unsere Saison 2019\/2020. Dieser Auftritt war allerdings ein absoluter Leckerbissen f\u00fcr das Publikum, das sich unter den gegebenen Veranstaltungsbedingungen k\u00f6stlich am\u00fcsierte.<br \/>\nAktuell erfreut \u201eONKeL fiSCH\u201c alle Freundinnen und Freunde des Kabaretts und der Satire mit ihren podcasts und Kurzbeitr\u00e4gen im WDR-H\u00f6rfunk.<br \/>\nAuf das neue Programm darf man gespannt sein!!<\/p>\n<p><a href=\"http:\/\/www.onkelfisch.de\">http:\/\/www.onkelfisch.de<\/a><\/p>\n","protected":false},"excerpt":{"rendered":"<p>Mit ihrem Programm \u201ePopulisten haften f\u00fcr ihre Kinder\u201c beendete das Duo Adrian Engels und Markus Riedinger unsere Saison 2019\/2020. Dieser Auftritt war allerdings ein absoluter Leckerbissen f\u00fcr das Publikum, das &hellip; <a href=\"https:\/\/kultur-in-lippetal.de\/?tribe_events=onkel-fisch-wahrheit-die-nackte-und-ungeschminkte\" class=\"more-link\"><span class=\"screen-reader-text\">\u201eONKeL fiSCH &#8220;Wahrheit &#8211; die nackte und ungeschminkte&#8221;\u201c<\/span> weiterlesen<\/a><\/p>\n","protected":false},"author":2,"featured_media":0,"comment_status":"open","ping_status":"closed","template":"","meta":{"_tribe_events_status":"","_tribe_events_status_reason":""},"tags":[],"tribe_events_cat":[],"_links":{"self":[{"href":"https:\/\/kultur-in-lippetal.de\/index.php?rest_route=\/wp\/v2\/tribe_events\/684"}],"collection":[{"href":"https:\/\/kultur-in-lippetal.de\/index.php?rest_route=\/wp\/v2\/tribe_events"}],"about":[{"href":"https:\/\/kultur-in-lippetal.de\/index.php?rest_route=\/wp\/v2\/types\/tribe_events"}],"author":[{"embeddable":true,"href":"https:\/\/kultur-in-lippetal.de\/index.php?rest_route=\/wp\/v2\/users\/2"}],"replies":[{"embeddable":true,"href":"https:\/\/kultur-in-lippetal.de\/index.php?rest_route=%2Fwp%2Fv2%2Fcomments&post=684"}],"version-history":[{"count":3,"href":"https:\/\/kultur-in-lippetal.de\/index.php?rest_route=\/wp\/v2\/tribe_events\/684\/revisions"}],"predecessor-version":[{"id":713,"href":"https:\/\/kultur-in-lippetal.de\/index.php?rest_route=\/wp\/v2\/tribe_events\/684\/revisions\/713"}],"wp:attachment":[{"href":"https:\/\/kultur-in-lippetal.de\/index.php?rest_route=%2Fwp%2Fv2%2Fmedia&parent=684"}],"wp:term":[{"taxonomy":"post_tag","embeddable":true,"href":"https:\/\/kultur-in-lippetal.de\/index.php?rest_route=%2Fwp%2Fv2%2Ftags&post=684"},{"taxonomy":"tribe_events_cat","embeddable":true,"href":"https:\/\/kultur-in-lippetal.de\/index.php?rest_route=%2Fwp%2Fv2%2Ftribe_events_cat&post=684"}],"curies":[{"name":"wp","href":"https:\/\/api.w.org\/{rel}","templated":true}]}}

<p><a href="http://kultur-in-lippetal.de/wp-content/uploads/2021/03/onkelfisch.jpg"><img decoding="async" loading="lazy" class="alignleft size-full wp-image-712" src="http://kultur-in-lippetal.de/wp-content/uploads/2021/03/onkelfisch.jpg" alt="" width="128" height="100" /></a>Mit ihrem Programm „Populisten haften für ihre Kinder“ beendete das Duo Adrian Engels und Markus Riedinger unsere Saison 2019/2020. Dieser Auftritt war allerdings ein absoluter Leckerbissen für das Publikum, das sich unter den gegebenen Veranstaltungsbedingungen köstlich amüsierte.<br />
Aktuell erfreut „ONKeL fiSCH“ alle Freundinnen und Freunde des Kabaretts und der Satire mit ihren podcasts und Kurzbeiträgen im WDR-Hörfunk.<br />
Auf das neue Programm darf man gespannt sein!!</p>
<p><a href="http://www.onkelfisch.de">http://www.onkelfisch.de</a></p>

<p>Mit ihrem Programm „Populisten haften für ihre Kinder“ beendete das Duo Adrian Engels und Markus Riedinger unsere Saison 2019/2020. Dieser Auftritt war allerdings ein absoluter Leckerbissen für das Publikum, das &hellip; <a href="https://kultur-in-lippetal.de/?tribe_events=onkel-fisch-wahrheit-die-nackte-und-ungeschminkte" class="more-link"><span class="screen-reader-text">„ONKeL fiSCH &#8220;Wahrheit &#8211; die nackte und ungeschminkte&#8221;“</span> weiterlesen</a></p>
