{"id":1260,"date":"2025-06-17T15:10:25","date_gmt":"2025-06-17T13:10:25","guid":{"rendered":"https:\/\/kultur-in-lippetal.de\/?post_type=tribe_events&#038;p=1260"},"modified":"2025-06-17T15:10:25","modified_gmt":"2025-06-17T13:10:25","slug":"onkel-fisch-onkel-fisch-blickt-zurueck-der-satirische-jahresrueckblick","status":"publish","type":"tribe_events","link":"https:\/\/kultur-in-lippetal.de\/?tribe_events=onkel-fisch-onkel-fisch-blickt-zurueck-der-satirische-jahresrueckblick","title":{"rendered":"ONKeL fISCH  &#8220;ONKeL fISCH blickt zur\u00fcck &#8211; Der satirische Jahresr\u00fcckblick&#8221;"},"content":{"rendered":"<figure id=\"attachment_1248\" aria-describedby=\"caption-attachment-1248\" style=\"width: 300px\" class=\"wp-caption alignleft\"><img decoding=\"async\" loading=\"lazy\" class=\"size-medium wp-image-1248\" src=\"http:\/\/kultur-in-lippetal.de\/wp-content\/uploads\/2025\/06\/Pressebild_ONKeL-fISCH-blickt-zurueck_Copyright-WDR-Linda-Meiers-300x198.jpg\" alt=\"\" width=\"300\" height=\"198\" srcset=\"https:\/\/kultur-in-lippetal.de\/wp-content\/uploads\/2025\/06\/Pressebild_ONKeL-fISCH-blickt-zurueck_Copyright-WDR-Linda-Meiers-300x198.jpg 300w, https:\/\/kultur-in-lippetal.de\/wp-content\/uploads\/2025\/06\/Pressebild_ONKeL-fISCH-blickt-zurueck_Copyright-WDR-Linda-Meiers-1024x675.jpg 1024w, https:\/\/kultur-in-lippetal.de\/wp-content\/uploads\/2025\/06\/Pressebild_ONKeL-fISCH-blickt-zurueck_Copyright-WDR-Linda-Meiers-768x506.jpg 768w, https:\/\/kultur-in-lippetal.de\/wp-content\/uploads\/2025\/06\/Pressebild_ONKeL-fISCH-blickt-zurueck_Copyright-WDR-Linda-Meiers-1536x1012.jpg 1536w, https:\/\/kultur-in-lippetal.de\/wp-content\/uploads\/2025\/06\/Pressebild_ONKeL-fISCH-blickt-zurueck_Copyright-WDR-Linda-Meiers-2048x1349.jpg 2048w, https:\/\/kultur-in-lippetal.de\/wp-content\/uploads\/2025\/06\/Pressebild_ONKeL-fISCH-blickt-zurueck_Copyright-WDR-Linda-Meiers-1200x791.jpg 1200w\" sizes=\"(max-width: 300px) 85vw, 300px\" \/><figcaption id=\"caption-attachment-1248\" class=\"wp-caption-text\">Comedy-Duo ONKel fisch 16.05.2017<br \/>links: Markus Riedinger, rechts: Adrian Engels<br \/>\u00a9WDR\/Linda Meiers<\/figcaption><\/figure>\n<p>Zum zehnten Mal geht das Satire-Duo ONKeL fISCH mit seiner furiosen Jahresr\u00fccksblicksshow auf lange Tour durch die Theater der Republik.<\/p>\n<p>2025 &#8211; Wer hat noch nicht, wer will das schon?<\/p>\n<p>Bei den Bundestagswahlen ging erstaunlich viel mit &#8220;rechten&#8221; Dingen zu, aber das Ampelnachfolge-Kabinett macht nach eigener objektiver Aussage alles besser. Im Wei\u00dfen Haus zu Washington regiert die blonde Anti-Barbie. Seine Scheinheiligkeit Donald der Viertel-vor-Zw\u00f6lfte und sein Milliard\u00e4rs-Kurschatten machen Politik mit dem feinen Holzhammer der Diplomatie.<\/p>\n<p>Immerhin soll es irgendwo &#8220;K\u00fcnstliche&#8221; Intelligenz geben, aber die braucht scheinbar noch Nachhilfestunden. Und die geben die k\u00fcnstlerischen Intelligenzen von ONKeL fISCH.<\/p>\n<p>Das ganze Jahr prasselt Schlagzeile auf Schlagzeile auf uns ein. Das Nachrichten-Dauerfeuer kennt scheinbar keine Pause \u2013 ONKeL fISCH helfen beim Durchatmen mit einer gut ge\u00f6lten Humormassage nebst Satire-Wellness. So macht das gemeinsame Zur\u00fcckblicken einfach Spa\u00df.<\/p>\n<p><a href=\"https:\/\/onkelfisch.de\">https:\/\/onkelfisch.de<\/a><\/p>\n","protected":false},"excerpt":{"rendered":"<p>Zum zehnten Mal geht das Satire-Duo ONKeL fISCH mit seiner furiosen Jahresr\u00fccksblicksshow auf lange Tour durch die Theater der Republik. 2025 &#8211; Wer hat noch nicht, wer will das schon? &hellip; <a href=\"https:\/\/kultur-in-lippetal.de\/?tribe_events=onkel-fisch-onkel-fisch-blickt-zurueck-der-satirische-jahresrueckblick\" class=\"more-link\"><span class=\"screen-reader-text\">\u201eONKeL fISCH  &#8220;ONKeL fISCH blickt zur\u00fcck &#8211; Der satirische Jahresr\u00fcckblick&#8221;\u201c<\/span> weiterlesen<\/a><\/p>\n","protected":false},"author":2,"featured_media":0,"comment_status":"open","ping_status":"closed","template":"","meta":{"_tribe_events_status":"","_tribe_events_status_reason":""},"tags":[],"tribe_events_cat":[],"_links":{"self":[{"href":"https:\/\/kultur-in-lippetal.de\/index.php?rest_route=\/wp\/v2\/tribe_events\/1260"}],"collection":[{"href":"https:\/\/kultur-in-lippetal.de\/index.php?rest_route=\/wp\/v2\/tribe_events"}],"about":[{"href":"https:\/\/kultur-in-lippetal.de\/index.php?rest_route=\/wp\/v2\/types\/tribe_events"}],"author":[{"embeddable":true,"href":"https:\/\/kultur-in-lippetal.de\/index.php?rest_route=\/wp\/v2\/users\/2"}],"replies":[{"embeddable":true,"href":"https:\/\/kultur-in-lippetal.de\/index.php?rest_route=%2Fwp%2Fv2%2Fcomments&post=1260"}],"version-history":[{"count":1,"href":"https:\/\/kultur-in-lippetal.de\/index.php?rest_route=\/wp\/v2\/tribe_events\/1260\/revisions"}],"predecessor-version":[{"id":1261,"href":"https:\/\/kultur-in-lippetal.de\/index.php?rest_route=\/wp\/v2\/tribe_events\/1260\/revisions\/1261"}],"wp:attachment":[{"href":"https:\/\/kultur-in-lippetal.de\/index.php?rest_route=%2Fwp%2Fv2%2Fmedia&parent=1260"}],"wp:term":[{"taxonomy":"post_tag","embeddable":true,"href":"https:\/\/kultur-in-lippetal.de\/index.php?rest_route=%2Fwp%2Fv2%2Ftags&post=1260"},{"taxonomy":"tribe_events_cat","embeddable":true,"href":"https:\/\/kultur-in-lippetal.de\/index.php?rest_route=%2Fwp%2Fv2%2Ftribe_events_cat&post=1260"}],"curies":[{"name":"wp","href":"https:\/\/api.w.org\/{rel}","templated":true}]}}

ONKeL fISCH  &#8220;ONKeL fISCH blickt zurück &#8211; Der satirische Jahresrückblick&#8221;

<figure id="attachment_1248" aria-describedby="caption-attachment-1248" style="width: 300px" class="wp-caption alignleft"><img decoding="async" loading="lazy" class="size-medium wp-image-1248" src="http://kultur-in-lippetal.de/wp-content/uploads/2025/06/Pressebild_ONKeL-fISCH-blickt-zurueck_Copyright-WDR-Linda-Meiers-300x198.jpg" alt="" width="300" height="198" srcset="https://kultur-in-lippetal.de/wp-content/uploads/2025/06/Pressebild_ONKeL-fISCH-blickt-zurueck_Copyright-WDR-Linda-Meiers-300x198.jpg 300w, https://kultur-in-lippetal.de/wp-content/uploads/2025/06/Pressebild_ONKeL-fISCH-blickt-zurueck_Copyright-WDR-Linda-Meiers-1024x675.jpg 1024w, https://kultur-in-lippetal.de/wp-content/uploads/2025/06/Pressebild_ONKeL-fISCH-blickt-zurueck_Copyright-WDR-Linda-Meiers-768x506.jpg 768w, https://kultur-in-lippetal.de/wp-content/uploads/2025/06/Pressebild_ONKeL-fISCH-blickt-zurueck_Copyright-WDR-Linda-Meiers-1536x1012.jpg 1536w, https://kultur-in-lippetal.de/wp-content/uploads/2025/06/Pressebild_ONKeL-fISCH-blickt-zurueck_Copyright-WDR-Linda-Meiers-2048x1349.jpg 2048w, https://kultur-in-lippetal.de/wp-content/uploads/2025/06/Pressebild_ONKeL-fISCH-blickt-zurueck_Copyright-WDR-Linda-Meiers-1200x791.jpg 1200w" sizes="(max-width: 300px) 85vw, 300px" /><figcaption id="caption-attachment-1248" class="wp-caption-text">Comedy-Duo ONKel fisch 16.05.2017<br />links: Markus Riedinger, rechts: Adrian Engels<br />©WDR/Linda Meiers</figcaption></figure>
<p>Zum zehnten Mal geht das Satire-Duo ONKeL fISCH mit seiner furiosen Jahresrücksblicksshow auf lange Tour durch die Theater der Republik.</p>
<p>2025 &#8211; Wer hat noch nicht, wer will das schon?</p>
<p>Bei den Bundestagswahlen ging erstaunlich viel mit &#8220;rechten&#8221; Dingen zu, aber das Ampelnachfolge-Kabinett macht nach eigener objektiver Aussage alles besser. Im Weißen Haus zu Washington regiert die blonde Anti-Barbie. Seine Scheinheiligkeit Donald der Viertel-vor-Zwölfte und sein Milliardärs-Kurschatten machen Politik mit dem feinen Holzhammer der Diplomatie.</p>
<p>Immerhin soll es irgendwo &#8220;Künstliche&#8221; Intelligenz geben, aber die braucht scheinbar noch Nachhilfestunden. Und die geben die künstlerischen Intelligenzen von ONKeL fISCH.</p>
<p>Das ganze Jahr prasselt Schlagzeile auf Schlagzeile auf uns ein. Das Nachrichten-Dauerfeuer kennt scheinbar keine Pause – ONKeL fISCH helfen beim Durchatmen mit einer gut geölten Humormassage nebst Satire-Wellness. So macht das gemeinsame Zurückblicken einfach Spaß.</p>
<p><a href="https://onkelfisch.de">https://onkelfisch.de</a></p>

<p>Zum zehnten Mal geht das Satire-Duo ONKeL fISCH mit seiner furiosen Jahresrücksblicksshow auf lange Tour durch die Theater der Republik. 2025 &#8211; Wer hat noch nicht, wer will das schon? &hellip; <a href="https://kultur-in-lippetal.de/?tribe_events=onkel-fisch-onkel-fisch-blickt-zurueck-der-satirische-jahresrueckblick" class="more-link"><span class="screen-reader-text">„ONKeL fISCH  &#8220;ONKeL fISCH blickt zurück &#8211; Der satirische Jahresrückblick&#8221;“</span> weiterlesen</a></p>
