{"id":1228,"date":"2025-06-15T14:21:29","date_gmt":"2025-06-15T12:21:29","guid":{"rendered":"https:\/\/kultur-in-lippetal.de\/?post_type=tribe_events&#038;p=1228"},"modified":"2025-06-15T14:21:29","modified_gmt":"2025-06-15T12:21:29","slug":"mathias-tretter-souveraen","status":"publish","type":"tribe_events","link":"https:\/\/kultur-in-lippetal.de\/?tribe_events=mathias-tretter-souveraen","title":{"rendered":"Mathias Tretter &#8220;Souver\u00e4n&#8221;"},"content":{"rendered":"<p>Mathias Tretter besch\u00e4ftigt sich konsequent mit den relevanten Themen unser<img decoding=\"async\" loading=\"lazy\" class=\"alignleft size-medium wp-image-1226\" src=\"http:\/\/kultur-in-lippetal.de\/wp-content\/uploads\/2025\/06\/mathias-tretter-souveraen-plakat-900x900-2-212x300.webp\" alt=\"\" width=\"212\" height=\"300\" srcset=\"https:\/\/kultur-in-lippetal.de\/wp-content\/uploads\/2025\/06\/mathias-tretter-souveraen-plakat-900x900-2-212x300.webp 212w, https:\/\/kultur-in-lippetal.de\/wp-content\/uploads\/2025\/06\/mathias-tretter-souveraen-plakat-900x900-2.webp 636w\" sizes=\"(max-width: 212px) 85vw, 212px\" \/>er immer undurchschaubarer werdenden Welt. \u2026 Als scharfsinniger, politisch-philosophischer Sprachanalytiker wei\u00df er dabei stets mit hohem intellektuellem Anspruch bestens zu unterhalten. Welch ein fantastisches Klima f\u00fcr Satire! Das meint zumindest Tretter, der sein Gl\u00fcck kaum fassen mag: \u201eIch war immer neidisch auf Komiker in Diktaturen \u2013 wenn jeder Witz dein letzter sein kann, f\u00fchlst du dich gebraucht.<\/p>\n<p><a href=\"https:\/\/mathiastretter.de\/\">https:\/\/mathiastretter.de<\/a><\/p>\n","protected":false},"excerpt":{"rendered":"<p>Mathias Tretter besch\u00e4ftigt sich konsequent mit den relevanten Themen unserer immer undurchschaubarer werdenden Welt. \u2026 Als scharfsinniger, politisch-philosophischer Sprachanalytiker wei\u00df er dabei stets mit hohem intellektuellem Anspruch bestens zu unterhalten. &hellip; <a href=\"https:\/\/kultur-in-lippetal.de\/?tribe_events=mathias-tretter-souveraen\" class=\"more-link\"><span class=\"screen-reader-text\">\u201eMathias Tretter &#8220;Souver\u00e4n&#8221;\u201c<\/span> weiterlesen<\/a><\/p>\n","protected":false},"author":2,"featured_media":0,"comment_status":"open","ping_status":"closed","template":"","meta":{"_tribe_events_status":"","_tribe_events_status_reason":""},"tags":[],"tribe_events_cat":[],"_links":{"self":[{"href":"https:\/\/kultur-in-lippetal.de\/index.php?rest_route=\/wp\/v2\/tribe_events\/1228"}],"collection":[{"href":"https:\/\/kultur-in-lippetal.de\/index.php?rest_route=\/wp\/v2\/tribe_events"}],"about":[{"href":"https:\/\/kultur-in-lippetal.de\/index.php?rest_route=\/wp\/v2\/types\/tribe_events"}],"author":[{"embeddable":true,"href":"https:\/\/kultur-in-lippetal.de\/index.php?rest_route=\/wp\/v2\/users\/2"}],"replies":[{"embeddable":true,"href":"https:\/\/kultur-in-lippetal.de\/index.php?rest_route=%2Fwp%2Fv2%2Fcomments&post=1228"}],"version-history":[{"count":1,"href":"https:\/\/kultur-in-lippetal.de\/index.php?rest_route=\/wp\/v2\/tribe_events\/1228\/revisions"}],"predecessor-version":[{"id":1229,"href":"https:\/\/kultur-in-lippetal.de\/index.php?rest_route=\/wp\/v2\/tribe_events\/1228\/revisions\/1229"}],"wp:attachment":[{"href":"https:\/\/kultur-in-lippetal.de\/index.php?rest_route=%2Fwp%2Fv2%2Fmedia&parent=1228"}],"wp:term":[{"taxonomy":"post_tag","embeddable":true,"href":"https:\/\/kultur-in-lippetal.de\/index.php?rest_route=%2Fwp%2Fv2%2Ftags&post=1228"},{"taxonomy":"tribe_events_cat","embeddable":true,"href":"https:\/\/kultur-in-lippetal.de\/index.php?rest_route=%2Fwp%2Fv2%2Ftribe_events_cat&post=1228"}],"curies":[{"name":"wp","href":"https:\/\/api.w.org\/{rel}","templated":true}]}}

Mathias Tretter &#8220;Souverän&#8221;

<p>Mathias Tretter beschäftigt sich konsequent mit den relevanten Themen unser<img decoding="async" loading="lazy" class="alignleft size-medium wp-image-1226" src="http://kultur-in-lippetal.de/wp-content/uploads/2025/06/mathias-tretter-souveraen-plakat-900x900-2-212x300.webp" alt="" width="212" height="300" srcset="https://kultur-in-lippetal.de/wp-content/uploads/2025/06/mathias-tretter-souveraen-plakat-900x900-2-212x300.webp 212w, https://kultur-in-lippetal.de/wp-content/uploads/2025/06/mathias-tretter-souveraen-plakat-900x900-2.webp 636w" sizes="(max-width: 212px) 85vw, 212px" />er immer undurchschaubarer werdenden Welt. … Als scharfsinniger, politisch-philosophischer Sprachanalytiker weiß er dabei stets mit hohem intellektuellem Anspruch bestens zu unterhalten. Welch ein fantastisches Klima für Satire! Das meint zumindest Tretter, der sein Glück kaum fassen mag: „Ich war immer neidisch auf Komiker in Diktaturen – wenn jeder Witz dein letzter sein kann, fühlst du dich gebraucht.</p>
<p><a href="https://mathiastretter.de/">https://mathiastretter.de</a></p>

<p>Mathias Tretter beschäftigt sich konsequent mit den relevanten Themen unserer immer undurchschaubarer werdenden Welt. … Als scharfsinniger, politisch-philosophischer Sprachanalytiker weiß er dabei stets mit hohem intellektuellem Anspruch bestens zu unterhalten. &hellip; <a href="https://kultur-in-lippetal.de/?tribe_events=mathias-tretter-souveraen" class="more-link"><span class="screen-reader-text">„Mathias Tretter &#8220;Souverän&#8221;“</span> weiterlesen</a></p>
