{"id":1076,"date":"2023-04-20T11:00:47","date_gmt":"2023-04-20T09:00:47","guid":{"rendered":"https:\/\/kultur-in-lippetal.de\/?post_type=tribe_events&#038;p=1076"},"modified":"2023-04-20T11:00:47","modified_gmt":"2023-04-20T09:00:47","slug":"wildes-holz-25-jahre-auf-dem-holzweg","status":"publish","type":"tribe_events","link":"https:\/\/kultur-in-lippetal.de\/?tribe_events=wildes-holz-25-jahre-auf-dem-holzweg","title":{"rendered":"Wildes Holz &#8220;25 Jahre auf dem Holzweg&#8221;"},"content":{"rendered":"<p><img decoding=\"async\" loading=\"lazy\" class=\"alignnone size-full wp-image-1025\" src=\"http:\/\/kultur-in-lippetal.de\/wp-content\/uploads\/2023\/04\/Wildes-Holz.jpg\" alt=\"\" width=\"259\" height=\"194\" \/><\/p>\n<p>Zum dritten Mal kommen die Ausnahmemusiker zum Konzert nach Lippetal. Wie der Veranstalter feiern sie ihr eigenes 25 j\u00e4hriges Jubil\u00e4um und bringen au\u00dfer den 15 Blockfl\u00f6ten, von der kleinen Sopranfl\u00f6te und bis zur 2 Meter langen Subbassfl\u00f6te, noch Gitarre und Kontrabass zu Geh\u00f6r. Ihr mitrei\u00dfender Sound f\u00fchrt im crossover durch die verschiedenen Musikstile und \u2013genres. \u201eWildes Holz\u201c tr\u00e4gt den Namen zurecht, denn es geht die Post ab bei den Konzerten. Von wegen \u201e25 Jahre auf dem Holzweg\u201c, das ist eine Reise auf einem pr\u00e4chtigen Klangboulevard.<\/p>\n<p><a href=\"http:\/\/www.wildes-holz.de\">http:\/\/www.wildes-holz.de<\/a><\/p>\n","protected":false},"excerpt":{"rendered":"<p>Zum dritten Mal kommen die Ausnahmemusiker zum Konzert nach Lippetal. Wie der Veranstalter feiern sie ihr eigenes 25 j\u00e4hriges Jubil\u00e4um und bringen au\u00dfer den 15 Blockfl\u00f6ten, von der kleinen Sopranfl\u00f6te &hellip; <a href=\"https:\/\/kultur-in-lippetal.de\/?tribe_events=wildes-holz-25-jahre-auf-dem-holzweg\" class=\"more-link\"><span class=\"screen-reader-text\">\u201eWildes Holz &#8220;25 Jahre auf dem Holzweg&#8221;\u201c<\/span> weiterlesen<\/a><\/p>\n","protected":false},"author":2,"featured_media":0,"comment_status":"open","ping_status":"closed","template":"","meta":{"_tribe_events_status":"","_tribe_events_status_reason":""},"tags":[],"tribe_events_cat":[],"_links":{"self":[{"href":"https:\/\/kultur-in-lippetal.de\/index.php?rest_route=\/wp\/v2\/tribe_events\/1076"}],"collection":[{"href":"https:\/\/kultur-in-lippetal.de\/index.php?rest_route=\/wp\/v2\/tribe_events"}],"about":[{"href":"https:\/\/kultur-in-lippetal.de\/index.php?rest_route=\/wp\/v2\/types\/tribe_events"}],"author":[{"embeddable":true,"href":"https:\/\/kultur-in-lippetal.de\/index.php?rest_route=\/wp\/v2\/users\/2"}],"replies":[{"embeddable":true,"href":"https:\/\/kultur-in-lippetal.de\/index.php?rest_route=%2Fwp%2Fv2%2Fcomments&post=1076"}],"version-history":[{"count":1,"href":"https:\/\/kultur-in-lippetal.de\/index.php?rest_route=\/wp\/v2\/tribe_events\/1076\/revisions"}],"predecessor-version":[{"id":1077,"href":"https:\/\/kultur-in-lippetal.de\/index.php?rest_route=\/wp\/v2\/tribe_events\/1076\/revisions\/1077"}],"wp:attachment":[{"href":"https:\/\/kultur-in-lippetal.de\/index.php?rest_route=%2Fwp%2Fv2%2Fmedia&parent=1076"}],"wp:term":[{"taxonomy":"post_tag","embeddable":true,"href":"https:\/\/kultur-in-lippetal.de\/index.php?rest_route=%2Fwp%2Fv2%2Ftags&post=1076"},{"taxonomy":"tribe_events_cat","embeddable":true,"href":"https:\/\/kultur-in-lippetal.de\/index.php?rest_route=%2Fwp%2Fv2%2Ftribe_events_cat&post=1076"}],"curies":[{"name":"wp","href":"https:\/\/api.w.org\/{rel}","templated":true}]}}

<p><img decoding="async" loading="lazy" class="alignnone size-full wp-image-1025" src="http://kultur-in-lippetal.de/wp-content/uploads/2023/04/Wildes-Holz.jpg" alt="" width="259" height="194" /></p>
<p>Zum dritten Mal kommen die Ausnahmemusiker zum Konzert nach Lippetal. Wie der Veranstalter feiern sie ihr eigenes 25 jähriges Jubiläum und bringen außer den 15 Blockflöten, von der kleinen Sopranflöte und bis zur 2 Meter langen Subbassflöte, noch Gitarre und Kontrabass zu Gehör. Ihr mitreißender Sound führt im crossover durch die verschiedenen Musikstile und –genres. „Wildes Holz“ trägt den Namen zurecht, denn es geht die Post ab bei den Konzerten. Von wegen „25 Jahre auf dem Holzweg“, das ist eine Reise auf einem prächtigen Klangboulevard.</p>
<p><a href="http://www.wildes-holz.de">http://www.wildes-holz.de</a></p>

<p>Zum dritten Mal kommen die Ausnahmemusiker zum Konzert nach Lippetal. Wie der Veranstalter feiern sie ihr eigenes 25 jähriges Jubiläum und bringen außer den 15 Blockflöten, von der kleinen Sopranflöte &hellip; <a href="https://kultur-in-lippetal.de/?tribe_events=wildes-holz-25-jahre-auf-dem-holzweg" class="more-link"><span class="screen-reader-text">„Wildes Holz &#8220;25 Jahre auf dem Holzweg&#8221;“</span> weiterlesen</a></p>
