{"id":1057,"date":"2023-04-17T21:27:22","date_gmt":"2023-04-17T19:27:22","guid":{"rendered":"https:\/\/kultur-in-lippetal.de\/?post_type=tribe_events&#038;p=1057"},"modified":"2023-04-17T21:27:22","modified_gmt":"2023-04-17T19:27:22","slug":"anny-hartmann-klima-ballerina","status":"publish","type":"tribe_events","link":"https:\/\/kultur-in-lippetal.de\/?tribe_events=anny-hartmann-klima-ballerina","title":{"rendered":"Anny Hartmann &#8220;Klima-Ballerina&#8221;"},"content":{"rendered":"<p>Anny Hartmann ist die Preistr\u00e4gerin des Deutschen Kleinkunstpreises 2023!<\/p>\n<p>Wir alle k\u00f6nnen etwas zur Rettung des Planeten tun. Die studierte Diplom-Volkswirtin besitzt das Handwerkszeug, um wirtschaftliche und politische Zusammenh\u00e4nge erstens analysieren und zweitens am\u00fcsant, bissig und leicht nachvollziehbar vermitteln zu k\u00f6nnen. Das macht sie mit ansteckendem Humor.<\/p>\n<p><img decoding=\"async\" loading=\"lazy\" class=\"alignnone size-medium wp-image-1032\" src=\"http:\/\/kultur-in-lippetal.de\/wp-content\/uploads\/2023\/04\/Anny-Hartmann-300x200.jpg\" alt=\"\" width=\"300\" height=\"200\" srcset=\"https:\/\/kultur-in-lippetal.de\/wp-content\/uploads\/2023\/04\/Anny-Hartmann-300x200.jpg 300w, https:\/\/kultur-in-lippetal.de\/wp-content\/uploads\/2023\/04\/Anny-Hartmann-768x512.jpg 768w, https:\/\/kultur-in-lippetal.de\/wp-content\/uploads\/2023\/04\/Anny-Hartmann.jpg 1010w\" sizes=\"(max-width: 300px) 85vw, 300px\" \/><\/p>\n<p><a href=\"http:\/\/www.annyhartmann.de\">http:\/\/www.annyhartmann.de<\/a><\/p>\n","protected":false},"excerpt":{"rendered":"<p>Anny Hartmann ist die Preistr\u00e4gerin des Deutschen Kleinkunstpreises 2023! Wir alle k\u00f6nnen etwas zur Rettung des Planeten tun. Die studierte Diplom-Volkswirtin besitzt das Handwerkszeug, um wirtschaftliche und politische Zusammenh\u00e4nge erstens &hellip; <a href=\"https:\/\/kultur-in-lippetal.de\/?tribe_events=anny-hartmann-klima-ballerina\" class=\"more-link\"><span class=\"screen-reader-text\">\u201eAnny Hartmann &#8220;Klima-Ballerina&#8221;\u201c<\/span> weiterlesen<\/a><\/p>\n","protected":false},"author":2,"featured_media":0,"comment_status":"open","ping_status":"closed","template":"","meta":{"_tribe_events_status":"","_tribe_events_status_reason":""},"tags":[],"tribe_events_cat":[],"_links":{"self":[{"href":"https:\/\/kultur-in-lippetal.de\/index.php?rest_route=\/wp\/v2\/tribe_events\/1057"}],"collection":[{"href":"https:\/\/kultur-in-lippetal.de\/index.php?rest_route=\/wp\/v2\/tribe_events"}],"about":[{"href":"https:\/\/kultur-in-lippetal.de\/index.php?rest_route=\/wp\/v2\/types\/tribe_events"}],"author":[{"embeddable":true,"href":"https:\/\/kultur-in-lippetal.de\/index.php?rest_route=\/wp\/v2\/users\/2"}],"replies":[{"embeddable":true,"href":"https:\/\/kultur-in-lippetal.de\/index.php?rest_route=%2Fwp%2Fv2%2Fcomments&post=1057"}],"version-history":[{"count":1,"href":"https:\/\/kultur-in-lippetal.de\/index.php?rest_route=\/wp\/v2\/tribe_events\/1057\/revisions"}],"predecessor-version":[{"id":1058,"href":"https:\/\/kultur-in-lippetal.de\/index.php?rest_route=\/wp\/v2\/tribe_events\/1057\/revisions\/1058"}],"wp:attachment":[{"href":"https:\/\/kultur-in-lippetal.de\/index.php?rest_route=%2Fwp%2Fv2%2Fmedia&parent=1057"}],"wp:term":[{"taxonomy":"post_tag","embeddable":true,"href":"https:\/\/kultur-in-lippetal.de\/index.php?rest_route=%2Fwp%2Fv2%2Ftags&post=1057"},{"taxonomy":"tribe_events_cat","embeddable":true,"href":"https:\/\/kultur-in-lippetal.de\/index.php?rest_route=%2Fwp%2Fv2%2Ftribe_events_cat&post=1057"}],"curies":[{"name":"wp","href":"https:\/\/api.w.org\/{rel}","templated":true}]}}

<p>Anny Hartmann ist die Preisträgerin des Deutschen Kleinkunstpreises 2023!</p>
<p>Wir alle können etwas zur Rettung des Planeten tun. Die studierte Diplom-Volkswirtin besitzt das Handwerkszeug, um wirtschaftliche und politische Zusammenhänge erstens analysieren und zweitens amüsant, bissig und leicht nachvollziehbar vermitteln zu können. Das macht sie mit ansteckendem Humor.</p>
<p><img decoding="async" loading="lazy" class="alignnone size-medium wp-image-1032" src="http://kultur-in-lippetal.de/wp-content/uploads/2023/04/Anny-Hartmann-300x200.jpg" alt="" width="300" height="200" srcset="https://kultur-in-lippetal.de/wp-content/uploads/2023/04/Anny-Hartmann-300x200.jpg 300w, https://kultur-in-lippetal.de/wp-content/uploads/2023/04/Anny-Hartmann-768x512.jpg 768w, https://kultur-in-lippetal.de/wp-content/uploads/2023/04/Anny-Hartmann.jpg 1010w" sizes="(max-width: 300px) 85vw, 300px" /></p>
<p><a href="http://www.annyhartmann.de">http://www.annyhartmann.de</a></p>

<p>Anny Hartmann ist die Preisträgerin des Deutschen Kleinkunstpreises 2023! Wir alle können etwas zur Rettung des Planeten tun. Die studierte Diplom-Volkswirtin besitzt das Handwerkszeug, um wirtschaftliche und politische Zusammenhänge erstens &hellip; <a href="https://kultur-in-lippetal.de/?tribe_events=anny-hartmann-klima-ballerina" class="more-link"><span class="screen-reader-text">„Anny Hartmann &#8220;Klima-Ballerina&#8221;“</span> weiterlesen</a></p>
