{"id":21,"date":"2018-06-30T09:42:44","date_gmt":"2018-06-30T09:42:44","guid":{"rendered":"http:\/\/test.kultur-in-lippetal.de\/?page_id=21"},"modified":"2022-09-13T21:22:32","modified_gmt":"2022-09-13T19:22:32","slug":"verein","status":"publish","type":"page","link":"https:\/\/kultur-in-lippetal.de\/?page_id=21","title":{"rendered":"Verein"},"content":{"rendered":"<p><img decoding=\"async\" loading=\"lazy\" class=\"size-full wp-image-202 aligncenter\" src=\"http:\/\/test.kultur-in-lippetal.de\/wp-content\/uploads\/2018\/07\/Kulturlogo-grau-45-prozent.jpg\" alt=\"\" width=\"360\" height=\"158\" srcset=\"https:\/\/kultur-in-lippetal.de\/wp-content\/uploads\/2018\/07\/Kulturlogo-grau-45-prozent.jpg 360w, https:\/\/kultur-in-lippetal.de\/wp-content\/uploads\/2018\/07\/Kulturlogo-grau-45-prozent-300x132.jpg 300w\" sizes=\"(max-width: 360px) 85vw, 360px\" \/>Seit 1998 l\u00e4dt Kultur in Lippetal e.V. zu kulturellen Veranstaltungen ein und setzt damit einen weiteren, farbigen Tupfer in die Lippetaler Kulturlandschaft.<\/p>\n<p align=\"LEFT\">Dass Provinz, dass Dorf nicht provinziell im Sinne von r\u00fcckst\u00e4ndig und verstaubt bedeuten muss, zeigt Kultur in Lippetal durch seine diversen Programme, siehe <a href=\"http:\/\/kultur-in-lippetal.de\/?page_id=18\">Archiv<\/a>.<\/p>\n<p align=\"LEFT\">Die Programmmacher von Kultur in Lippetal sind an Anregungen f\u00fcr neue Veranstaltungen immer interessiert. Ihr Prinzip, dass nur die Programme auf die B\u00fchne kommen, die ihnen auch selbst gefallen haben, die sie zum Nachdenken, Schmunzeln, Lachen bringen, hat sich in den zur\u00fcckliegenden zwanzig Jahre bew\u00e4hrt.<\/p>\n<p align=\"LEFT\">Zum thematischen Schwerpunkt haben sich dabei Kabarett \u2013 Veranstaltungen entwickelt. Die kleinen M\u00e4xe, Die Bullem\u00e4nner, Emscherblut, J\u00fcrgen Becker, Wendelin Haverkamp, Storno und viele andere spielten viele Jahre im Saale Orthues.<\/p>\n<p align=\"LEFT\">Aufgrund der gewachsenen Kartennachfrage wird seit der Saison 2018\/2019 das B\u00fcrgerhaus Herzfeld als Veranstaltungsort genutzt.<\/p>\n","protected":false},"excerpt":{"rendered":"<p>Seit 1998 l\u00e4dt Kultur in Lippetal e.V. zu kulturellen Veranstaltungen ein und setzt damit einen weiteren, farbigen Tupfer in die Lippetaler Kulturlandschaft. Dass Provinz, dass Dorf nicht provinziell im Sinne &hellip; <a href=\"https:\/\/kultur-in-lippetal.de\/?page_id=21\" class=\"more-link\"><span class=\"screen-reader-text\">\u201eVerein\u201c<\/span> weiterlesen<\/a><\/p>\n","protected":false},"author":1,"featured_media":0,"parent":0,"menu_order":0,"comment_status":"closed","ping_status":"closed","template":"","meta":[],"_links":{"self":[{"href":"https:\/\/kultur-in-lippetal.de\/index.php?rest_route=\/wp\/v2\/pages\/21"}],"collection":[{"href":"https:\/\/kultur-in-lippetal.de\/index.php?rest_route=\/wp\/v2\/pages"}],"about":[{"href":"https:\/\/kultur-in-lippetal.de\/index.php?rest_route=\/wp\/v2\/types\/page"}],"author":[{"embeddable":true,"href":"https:\/\/kultur-in-lippetal.de\/index.php?rest_route=\/wp\/v2\/users\/1"}],"replies":[{"embeddable":true,"href":"https:\/\/kultur-in-lippetal.de\/index.php?rest_route=%2Fwp%2Fv2%2Fcomments&post=21"}],"version-history":[{"count":18,"href":"https:\/\/kultur-in-lippetal.de\/index.php?rest_route=\/wp\/v2\/pages\/21\/revisions"}],"predecessor-version":[{"id":851,"href":"https:\/\/kultur-in-lippetal.de\/index.php?rest_route=\/wp\/v2\/pages\/21\/revisions\/851"}],"wp:attachment":[{"href":"https:\/\/kultur-in-lippetal.de\/index.php?rest_route=%2Fwp%2Fv2%2Fmedia&parent=21"}],"curies":[{"name":"wp","href":"https:\/\/api.w.org\/{rel}","templated":true}]}}