{"id":15,"date":"2018-06-30T09:42:44","date_gmt":"2018-06-30T09:42:44","guid":{"rendered":"http:\/\/test.kultur-in-lippetal.de\/?page_id=15"},"modified":"2026-02-23T16:30:40","modified_gmt":"2026-02-23T15:30:40","slug":"home","status":"publish","type":"page","link":"https:\/\/kultur-in-lippetal.de\/","title":{"rendered":"Home"},"content":{"rendered":"\r\n\r\n\r\n<p>Nach dem grandiosen Auftritt des Streichquartetts LA FINESSE am 21.02.2026 folgt nun eine Veranstaltungs-pause bis zum September 2026!<\/p>\r\n<p><strong>Der Vorverkauf der Eintrittskarten f\u00fcr die n\u00e4chsten Veranstaltungen l\u00e4uft weiter:\u00a0\u00a0<\/strong><\/p>\r\n<p><a href=\"mailto:vorverkauf@kultur-in-lippetal.de\">vorverkauf@kultur-in-lippetal.de<\/a><\/p>\r\n\r\n\r\n\r\n\r\n\r\n\r\n\r\n\r\n\r\n\r\n\r\n<pre>Wir verkaufen unsere Karten ausschlie\u00dflich online. Der Vorverkauf endet am Tag vor der Veranstaltung um 12 Uhr.<br \/>Karten an der Abendkasse kosten den h\u00f6heren angegebenen Preis.<\/pre>\r\n\r\n<p>&nbsp;<\/p>\r\n","protected":false},"excerpt":{"rendered":"<p>Nach dem grandiosen Auftritt des Streichquartetts LA FINESSE am 21.02.2026 folgt nun eine Veranstaltungs-pause bis zum September 2026! Der Vorverkauf der Eintrittskarten f\u00fcr die n\u00e4chsten Veranstaltungen l\u00e4uft weiter:\u00a0\u00a0 vorverkauf@kultur-in-lippetal.de Wir &hellip; <a href=\"https:\/\/kultur-in-lippetal.de\/\" class=\"more-link\"><span class=\"screen-reader-text\">\u201eHome\u201c<\/span> weiterlesen<\/a><\/p>\n","protected":false},"author":1,"featured_media":0,"parent":0,"menu_order":0,"comment_status":"closed","ping_status":"closed","template":"","meta":[],"_links":{"self":[{"href":"https:\/\/kultur-in-lippetal.de\/index.php?rest_route=\/wp\/v2\/pages\/15"}],"collection":[{"href":"https:\/\/kultur-in-lippetal.de\/index.php?rest_route=\/wp\/v2\/pages"}],"about":[{"href":"https:\/\/kultur-in-lippetal.de\/index.php?rest_route=\/wp\/v2\/types\/page"}],"author":[{"embeddable":true,"href":"https:\/\/kultur-in-lippetal.de\/index.php?rest_route=\/wp\/v2\/users\/1"}],"replies":[{"embeddable":true,"href":"https:\/\/kultur-in-lippetal.de\/index.php?rest_route=%2Fwp%2Fv2%2Fcomments&post=15"}],"version-history":[{"count":264,"href":"https:\/\/kultur-in-lippetal.de\/index.php?rest_route=\/wp\/v2\/pages\/15\/revisions"}],"predecessor-version":[{"id":1272,"href":"https:\/\/kultur-in-lippetal.de\/index.php?rest_route=\/wp\/v2\/pages\/15\/revisions\/1272"}],"wp:attachment":[{"href":"https:\/\/kultur-in-lippetal.de\/index.php?rest_route=%2Fwp%2Fv2%2Fmedia&parent=15"}],"curies":[{"name":"wp","href":"https:\/\/api.w.org\/{rel}","templated":true}]}}

<p>Nach dem grandiosen Auftritt des Streichquartetts LA FINESSE am 21.02.2026 folgt nun eine Veranstaltungs-pause bis zum September 2026!</p>
<p><strong>Der Vorverkauf der Eintrittskarten für die nächsten Veranstaltungen läuft weiter:  </strong></p>
<p><a href="mailto:vorverkauf@kultur-in-lippetal.de">vorverkauf@kultur-in-lippetal.de</a></p>











<pre>Wir verkaufen unsere Karten ausschließlich online. Der Vorverkauf endet am Tag vor der Veranstaltung um 12 Uhr.<br />Karten an der Abendkasse kosten den höheren angegebenen Preis.</pre>

<p>&nbsp;</p>

<p>Nach dem grandiosen Auftritt des Streichquartetts LA FINESSE am 21.02.2026 folgt nun eine Veranstaltungs-pause bis zum September 2026! Der Vorverkauf der Eintrittskarten für die nächsten Veranstaltungen läuft weiter:   vorverkauf@kultur-in-lippetal.de Wir &hellip; <a href="https://kultur-in-lippetal.de/" class="more-link"><span class="screen-reader-text">„Home“</span> weiterlesen</a></p>
